78.29.246.2 - - [02/Jun/2015:19:02:37 -0700] "GET /N?C=kkoLJBN9z4URZjUfyDTjVjQNeD6JZlqk1yJgc2itIkTazRHwysICFfFb3NH9qPYsXVKVHzdWdizpuEnVknMl7LXTNKYwC+FhsDyrOafy7ZxKKl4EQyq9/hSXwkr4RG/+0ooEmEN2v2hsfRD7+XyhmGW9vIGAp41WRkFpQcn+R+knFvqVjh1trenOFjgHd4ImkpdEipAOBtMAvyd/UK/43WVg9T8FvqaSbePJzPkFPjuUf6/hbthAk4jq/ijmA45IN3FtCYZkHdZVJYaGiZFitI3hRHZwq88rZxY9dYl2k2I8F9zFQzCqqEmw98wUoLtfGwmOGUxV+AcgzQg/urr0MC98PXo2vuiq56uOUiIUWHTry/7F19qeX+vr75MdjGMgs4+8vRoqh92NhorFr1TkB6Cl929kq82RoYonqzMPqBWjSufGPRsGghka7a1JHsSry3ZY/dGMa9De8QCdSakC1FaKLJRflYQ+ytuYcX8D+sqysNptfA2MiveI8xRTky/ID69H3h0llTP29VIs9zKPpX1gmwsd46QTBnP7BLQLMYZ92s11sOaifsjidUCNbami9r06qidsibYBhIficQxdNodNP3DidJj93v2Bj1y+jHP9Hwh3lNqGWf6djsVr2O4PphRys+jAcdrzQolsXhtkCy980IuSnAev86e/X+Xhuo/LNEmDlvmEyZlUYGzQTqo8ZOvc1LwJUe+gIlNXtjRRssxM1UkVFEvP+HEy8HCTCiQQ8vuVq21OMHhxH7Cv3oNXFKrptc+yqaDuhbg+Z+IJw755RWOj1iNkOAEZFsc9A HTTP/1.1" 404 73 "-" "Mozilla/4.0 (compatible; MSIE 8.0; Win32)" "redlug.com"
78.29.246.2 - - [02/Jun/2015:19:02:39 -0700] "GET /a?Q=aV6TGSQjeEDBt3TSfI0nT37EqQFvyxkJnsfhn0yW9fsgZuIDGb9Ah1xY6RzP9vf3la97lSZPvrMDyGeqIGmOoMT7tUypaa7PZbex7FzUE36ydxCWjx2U8DrChOOL/dbiwy2EQYCL+8zS7kFsWSYFAPaVLo/zYcEIqXBOX6pqqBigxPecKr+D5yvmysYu8uyFocXfjMdSLGa1NPY6I+ejzOAGPqKuI3xJBmksWILzLPbXmZFs+jkRvHhw2GXWYHzvjT3JTkZ41f5a6dKIu2YHM2apNaBz0Ki8kalhyiILnliWw5teR9umPSkd9QEX0OCzRClqFOQnIyNuCOfNmYht//rj3RLxUzpI4vnyF2JcpNC1HbiRqrHFukzZCKuxIpHS8P2Il5uqCJ9yyfKj9NwbXdyXMLuerFnd7EgMe8lhWXU5k57XlIIOHMH7i+56wxqnOOgrBTw1b/NbEgApM7oFDK6wCL0xVgiP/Wa34e/Ks16EJv2aAPwcFbcyfWb4+eCgm4Y5Q4svrJ3F163GTrJyns9tDcLpSFINddr5ZWJHQP0fIBe0MoAX3se42SNwSTrSfY9s3/DIjGc5j3slk2tB8fczSc4N8kQY/s8SwBywN709CsAj0DTB+8B9sHR/ZY/93s/WzPTJ2TMcNK8D1tqKW5JyRxO+iaHuUEsyrZqMUY7PcfXAqMbQ2u5U21uySplDSxYioz/BVYQ53avCoNr96m8XX3h7N2UhHaLtLHB9MsW9PQLRDQYY+IoNQjPZ2K84aELVmE1ck675zngSDzsMHyb/QP8vfHZ/jYjbEYPdMvN HTTP/1.1" 404 73 "-" "Mozilla/4.0 (compatible; MSIE 8.0; Win32)" "redlug.com"
78.29.246.2 - - [02/Jun/2015:19:02:40 -0700] "GET /F?q=4kdsFUhkFq2lxNvNkfGNpDTpwzJ1QJ8iBg8JKYgtcFlyrjS3fkf1ICMC7M/s+1XJLktXWZAqRzEv3lE65Yde2h+vJUwVunxSjxGpEPPe+BAQQbuc/1YXfbioHrlVgRLaKRqrS9AwJdsQy9EbcsWQY1cfuFM+K8ZQDV87lPzSX9JVgElKSK9Q8j5rGHIDtkEq/VnTU+TyFmNUxeSYyQgCjQ1UZ9kmqzAvUMHdMVNya1eGapGLt+VUtCvyYnkNWsWJpCG7s6QwY0Dl7k7Q04LENJbmWY6AzyLKIdIc4gK6ZbUN/Z5XBvpilfQl4UL5y2RPK3P/p/n/nY+ynhrs2zUjvyNUZ26EcOV5cqwRl5nrhVsq15jYlVNC0bgAnAkHtt2GHMcfOHAAxBJUkouWW77BKY+cq+Yw64MPloSohTrcoZ5b7iF+9cK9B9LBa3xRG5TcU6Bzw/cy21QXY49s1TtF6x/VTtaeKcF4/wiyukhIWfDKfplxJ6/90j6qvsCnZckdtjbvRVLk6KJzMR5u9b+rlckH82atNoCT2tPWUYX7lkO9Pu+tEye8fekG58hOh6rDpvOFDl4pZ5lzPUtjiMwlPXkudHVBMXhvnpG1TBTFF0ZDIVyAC4JKBQu+iVErQS6zoVqDGIYJpwonpjy4Rrn44oyCC+CLSYHhyssNck6/UvSpWdUuRkY3kWXy3iU4KvAoFj7eNz5eFs4IF1U9OBUynELzRG/WIwSFWxtGuzLbchLKTFX/MlI5lHXi5+kTVKbX/YoUvVTrpLzSR45rgZe3r1denXAuHywojNZ+Xi/++xnm18zwxM+pjnZ40brm HTTP/1.1" 404 73 "-" "Mozilla/4.0 (compatible; MSIE 8.0; Win32)" "redlug.com"
78.29.246.2 - - [02/Jun/2015:19:02:41 -0700] "GET /V?N=qjG2vFCI30EuqW+QA+foIX//TKGdqfEQSqA4uVFJtcGznzn1yWPXfbg8eI HTTP/1.1" 404 73 "-" "Mozilla/4.0 (compatible; MSIE 8.0; Win32)" "redlug.com"
93.79.202.178 - - [02/Jun/2015:19:03:38 -0700] "GET /logs/access_130930.log HTTP/1.1" 404 73 "http://symbicort-online.aircus.com/" "Opera/9.80 (Windows NT 6.1; U; ru) Presto/2.10.229 Version/11.61" "redlug.com"
93.79.202.178 - - [02/Jun/2015:19:03:39 -0700] "GET /logs/access_130930.log HTTP/1.1" 404 73 "http://symbicort-online.aircus.com/" "Mozilla/5.0 (Windows NT 6.2; WOW64) AppleWebKit/537.11 (KHTML, like Gecko) Chrome/23.0.1271.95 Safari/537.11" "redlug.com"
93.79.202.178 - - [02/Jun/2015:19:03:40 -0700] "GET /access_130930.log HTTP/1.1" 404 73 "http://symbicort-online.aircus.com/" "Mozilla/5.0 (Windows NT 6.2; WOW64) AppleWebKit/537.11 (KHTML, like Gecko) Chrome/23.0.1271.95 Safari/537.11" "redlug.com"
93.79.202.178 - - [02/Jun/2015:19:03:40 -0700] "GET /logs/access_130930.log HTTP/1.1" 404 73 "http://symbicort-online.aircus.com/" "Mozilla/5.0 (Windows NT 6.1) AppleWebKit/536.11 (KHTML, like Gecko) Chrome/20.0.1132.57 Safari/536.11" "redlug.com"
93.79.202.178 - - [02/Jun/2015:19:03:41 -0700] "GET /access_130930.log HTTP/1.1" 404 89 "http://symbicort-online.aircus.com/" "Mozilla/5.0 (Windows NT 6.1) AppleWebKit/536.11 (KHTML, like Gecko) Chrome/20.0.1132.57 Safari/536.11" "redlug.com"
93.79.202.178 - - [02/Jun/2015:19:03:41 -0700] "GET /logs/access_130930.log HTTP/1.1" 404 73 "http://symbicort-online.aircus.com/" "Mozilla/5.0 (Windows NT 6.1) AppleWebKit/536.5 (KHTML, like Gecko) YaBrowser/1.1.1084.5409 Chrome/19.1.1084.5409 Safari/536.5" "redlug.com"
93.79.202.178 - - [02/Jun/2015:19:03:42 -0700] "GET /access_130930.log HTTP/1.1" 404 73 "http://symbicort-online.aircus.com/" "Mozilla/5.0 (Windows NT 6.1) AppleWebKit/536.5 (KHTML, like Gecko) YaBrowser/1.1.1084.5409 Chrome/19.1.1084.5409 Safari/536.5" "redlug.com"
180.76.15.26 - - [02/Jun/2015:19:05:23 -0700] "GET /Documents/Kollantai.htm HTTP/1.1" 200 18122 "-" "Mozilla/5.0 (compatible; Baiduspider/2.0; +http://www.baidu.com/search/spider.html)" "www.redlug.com"
78.29.246.2 - - [02/Jun/2015:19:05:34 -0700] "GET /f?S=bFmQ92lsciHxt/v1hOkrWs6yqwXpI8gMp3Cc5qtz0JyIHAtnbl+Ns0fjrljtALkwdjMa+k/MRYj2jkag/ETxY4u38QOGDms+fM6gOEw2bntTgVJJfFtRpymAkK1dPI/aAVvNxTl4m/f1vpJDbK9kY3MlTmeRIVTctsvPXirIKFmQi0PYZGKrT7yHIJeCZPAPP1XXEHuxZhoImLMD1pq5WgqA+RFx9o9lPruG3Qlw/AXfdsUSidyHSdohmwjcekDixngMp7cGNzOyHzV4ZWwemID/Qh+XrBEcB1Duwug9i+oGBuk3HBJzdRrvxiQDLfJNfgevQTkgKEVQGRivP0NLd2f1ePCSKi6nuAPyN570o9D3IaM/Qp26gHEry5U6FkfT+4ZK3U5tsQdKnwUMItR6l/wR9nASSlXv9Q6sk9r0AWQfsfP19gLoxMUScu4F4ZeFuIy95EhpjriYvugQp+nMKwm14thmVCYP5fp48DSfoEdrDewYVpvqNjcagVx1IWpcqwtgqy+Qpt0aqfnV7Kh96ZjeeNXaquJcjAJim9O5WroSHrk5VZTZifJW0PObTJDd3IQlcfo3fv3xoXkAKEspwT+HMHRVDeKbMcoU+npT6+v83hBULit12AY9LocUg6cdSbAuh04gOBxLd7EQ9zC3BsqnubPCV7pRW6BYRrMgCV2RD/tfrW5TGtxjhU9TPLA7CFff3zB8nojxwbmlSVAnjI9HUMnvYB9/ukjutrFZ2uF2G60fqJNWgIHDRaDPRInuq0NUMFx9MbF8/Ux1zpKXdTRXoMRLwOU4y8TryWiG3leSaBUeU+FtZC45DDFWcrurC/CxfIUgMfsaS HTTP/1.1" 404 73 "-" "Mozilla/4.0 (compatible; MSIE 8.0; Win32)" "redlug.com"
78.29.246.2 - - [02/Jun/2015:19:05:35 -0700] "GET /Q?y=/TGNC52Fm+bPBw/yvOqhB8Fr/8goyOTl1iINPzW5hMBKbVSCfUlp2fOEvQVTpXH3BgPgdw1r4DEGLrDy/E8ykU6R2PMa69DVKSo12SzW+1q2m4aK4ipNi6WMrUBi/4LNT51ELxDpXGA+HGDq5J8VqeXZqH2djKgf6iS2GIA6bfdQxqJPyisszLMzT5Cn6JBCsVkzpZptyND3bjjCxjeBUeWA8ZHfdnFpJOjCoKlUpkwtnYvR21F1pBzDjlIS+z4h2h4ea9LBVc7NZ50YgxtRMruX42sWx32JGWGmtc1+gsTMkqEwkC6I7w9CFKH5L2j26l94VAbFc1HVVdqaCoo0AeJ/XCuncKjw+Halgsj8PHMh+L7G6TjnbljkSogI/+E7lucSlbnfAM/BqNxD6F6Bt9LVxfCcA6w0TTjy5tASh9i6fPP5Dy7eu7lNxGe0ZJaQF/xZYEUEGoPrrKa1Ma1p0+Spa5Dz5UWlWjwGEJXAph5KndglqXS0hQHDIH/Tiw2Ep8+QSIiC04l6DnVba0kIuERqDEtGWf/WKAAdJ0kQZ5c4e0giQsiASOhacU1Y/8KZcdK5sKdztvKEJAHoRpECtN7u0Bv+hwGf8KzM6YZtbOIkd4pPtNWw0Uor/Ap3CPdBGf4FkpERv5v2RkLMChW+Mgyx4on/HWdDh9yEfNYFR7HxYRtH7vO2SJrEXDeFNCAqRctrPmkat+q1mFTP4D5oZD2OSKimTm+6CJWR5i6JrpYvUGvy+oX/qC1rkwowoS/RC4reyIhXRqcuvqQkC0PnZXGCuTRvyLDlTfMTQaxaeEGwyYbAhiqKJilEsC9Whi0DnfzgrTopGPx HTTP/1.1" 404 73 "-" "Mozilla/4.0 (compatible; MSIE 8.0; Win32)" "redlug.com"
78.29.246.2 - - [02/Jun/2015:19:05:36 -0700] "GET /r?z=9kuu2fqtG6UU8n9/EPvpjhhXVA8ryUk9By80x/TrIbL5Tuxjkzw92VKH1cVEdc174e63bCGnFLIl5nVYOcsuvhNnUEaWosBw/rMNq63QcReQc46jtPBQ4hXwkAzC7T9plvW9/b8PhmoFi8hskBLfHz2PjhbCwto0eTvYavjQH5Y9wJlMN+wwNZrSCfB0kfm7DHqMLu7lAZ2YBMiNdGZkfJe2O6qVQ+U+gz+lLS93lbYQuBZcqHpcoQR1LAazBL/IuRnzvNKmv+On9TMSGgH/Y4SzdxYHZjvJuihev+ydkEMfCkZZ9eMxmLIRP2zAYwgrXBq/wlLF4GRwWrkzKY5rNfHhF7Miut38K2ZNAXTRA9lxuTLNpmt+O/afAxKboMT1GIYXC2l1iXh/E1SGS7GJUn20EUHdkV4zVe75ocAv70KKPusRBNSxFMoJfuUYlrW2cZxNXsXSNfLtMqJ+JXymcHb/ODERIClhSgQ9VeInft7JYSzGpqnF+6oOC03IySY08Ws/isxo5q3ZLtERyekxzFghARGG5CITuF16jUZYfBuaYJbRQ6A/0sieiam+QG/bDwuAqmGr8MtbrsMUXIoL/B43aXK7gJMeVpeuPbXxZc7SIgVVBo5jAun6c3Z3kx38JkdVF5pfhseH7tWddPaqBaV6iezT264JeFXNdbH7/ATSRKgCHRTZptFe0RxUeKOTDsWf0Nq2AiTjPrimR5xTcu4dBx/v95H0mCR2VsKcbd3RbwsP+cULsE3TUFR4Ns4jElryfs1PPsOtLFhPZfjJ5J3mET/ax9+ HTTP/1.1" 404 73 "-" "Mozilla/4.0 (compatible; MSIE 8.0; Win32)" "redlug.com"
78.29.246.2 - - [02/Jun/2015:19:05:37 -0700] "GET /D?n=Bjde3MXAAHu8Ldd4/5XFvr/IIh5C5MBrEuN9bcysayAJjnIYc27V0DA0Psz+sesCAe6WSmeLh0BZ39o/Cu4XPNZlP4MIIKRw468sTW5gCimilPjdaH39CHKTMcUcmPAydBv/osPRB+j6fZ8Jc3IXdsL3JeN1ZHIh3DIRzIEbq9TjK8My/zDF3Ggo1g0KJDZI+VtGdpM4gjy7Bv8KqKseZn85ndGtaprzTcUwxuTg7DJvaklPejYIHzAJ160vDwAfw2MP7mL5N5N8kDRymzOkGs6aat7Q13VE96bd3N+Dn34aesj6C5UKP2QVuezKFZO4fYHEJ6oNUEMzU0P1ltAklFIR+/8+D+4EbvKw2najW05ILm6RppEMV018Tt2A3m5+bW1X0o2zVG1hhm4LvIWoaDSIB9F1QT0BhotcwmciK3z9mysLLUAEtuShkEetS8YPGqLc1CAgfx/zSaXPA7+Cg0meWAIhr6Bjo27itETQoOYpVyrRxZXD3gZpI9M9XlL6wS0tN+UbrdEBP5lSFXMJRvP3E8HQ030qsRN3eLpy8nCeH4JKBbalJlHKr4EIlPa0peeDlcEjKcNwO++7Ch49SknEKO3DO/JLW88Xo56OS1UCZiGBgOQNMe2GyRZq2FYd0tbTEXaDh8E0qOzBuKFMLMOkhx8fvoW5gstIswPg8m7x92ZTYDgGabxY48BDbyntAUwig87jlkzAq58Hu/lcpkajU7srKzVlnQA5oDfzpzR5rwJlFzluedOcYCtECqQJOGHx2hIvTFtnsZiQOUNilQQaVWZX1dnMx90Bl0ukEH7rEegW6Cr/w4soIb4k HTTP/1.1" 404 73 "-" "Mozilla/4.0 (compatible; MSIE 8.0; Win32)" "redlug.com"
77.27.19.57 - - [02/Jun/2015:19:05:38 -0700] "GET /logs/access.log HTTP/1.1" 200 256352 "-" "Mozilla/5.0 (X11; Linux x86_64; rv:2.0b8pre) Gecko/20101011 Firefox/4.0b8pre" "redlug.com"
78.29.246.2 - - [02/Jun/2015:19:05:38 -0700] "GET /G?r=jrT2BIW2H1ZD77pyX/OPCnvwjox8hjCwYhMrs+ePQkZyJYzo6yZBIPCeSeCCXY6h4X4SvQ3Uo52T89GNCaTmZjFaOGekrXvTXZNbttpiacz8vbDyb8ehs35NvWaY2gPlvKC1uDaKbNvvLYLEbtOGibO5z6E09qemnpkjDt1KrIdw37eaOZH9jEEfeEOKHE0TrSV+UfY0JwyWvIL+ibDRy2LdA02JVVBOn+AqtuAMhjAakShQ/0ZJzQ6IfFaC91DBjmEhZgjMFlpeZx5Pd0YmkrSc7enMcmrUmkeYSJiILyDX2luzs00VMNZ6beyjRZJj7a53o/y9iOyn+bleqhL8jR9Fby887ctK8chPyTo1dwOSbRLocFyR7vO3kTd2SPwu72/6a3TgQMYTB1NeRjOqgFO3NPMwj/LTLG6pIDpXL6YWieeRyIPQPIVzk+fO6TUx5aAd+3MJBnXf+U1DSxP07Ih2585NVAvfW/7AgzVtMJnNAlZUY85pyJp1NPJWp5pFTerzO/8mi4TpRyE87OeHS1iD+UbV/rMdDbT7Sa9z+YwO9pMNhZRc1rhW6dQQONEzMEKWRiGKqL8jvdVIGHPTpEmFmoAfuGaO0XZSZFuWrj1ZmWhtvSAYeVmEcgQI22KYlgo3M6YYN1P59fMkGkn639a7ipFexn8Zt/TlSScbgSPX0DV86IbjZOI4sBfcWy2RB8pz+mpVuWHbCpdJ/amF9bGBMcvkoEUV4qnaXaQ1t1fK+k7NyStqs9BHUlExUh21BiuXkVLPouNn6h0uun9leeB3xicQPyjEkDpp66FlWP1oRA84+0y9110BcP1jcLEDqaBQTxn HTTP/1.1" 404 73 "-" "Mozilla/4.0 (compatible; MSIE 8.0; Win32)" "redlug.com"
69.30.245.58 - - [02/Jun/2015:19:05:40 -0700] "GET /logs/access.log HTTP/1.1" 200 152439 "http://redlug.com/" "Mozilla/5.0 (Windows NT 5.1; rv:34.0) Gecko/20100101 Firefox/34.0" "redlug.com"
69.30.245.58 - - [02/Jun/2015:19:05:40 -0700] "GET /wp-login.php?action=register HTTP/1.1" 404 88 "http://redlug.com/" "Opera/9.80 (Windows NT 6.2; Win64; x64) Presto/2.12.388 Version/12.17" "redlug.com"
69.30.245.58 - - [02/Jun/2015:19:05:40 -0700] "GET /wp-login.php?action=register HTTP/1.1" 404 88 "http://redlug.com/wp-login.php?action=register" "Opera/9.80 (Windows NT 6.2; Win64; x64) Presto/2.12.388 Version/12.17" "redlug.com"
78.29.246.2 - - [02/Jun/2015:19:05:40 -0700] "GET /R?J=0y+tH3NHaIyJI1v+yg/pnWjQvlgW7PyhOyJTOkhrK1drs3gZykRphgyiTuI/UesMEuRwfuLOOjf0Zx47jN46+gqXYndlREcRPMXpQ/HrhvNuhIm8nQGOQGrJCdWDO4fWvKg5iQiKg/h9P7T4INOj9APNaEevOybQhaC1zJg7Y+/dLly1e60CqOHNRl45jjUboyY0G2yk8SbAlCYaA4+/bcQ7q65u/H9NCm9rfrgbF9OHwMAPW2jFzekntI9qXPx6ZmLRmeY9GL6qDROezdxiBSYwRAG0643old/OteLwDcaiY1lFz1vu0mm9Pi4Jp1e9ImXOBIxE6NTV487HizYZ5KMnX5abBDsjGKOKAbfkni65j/mBmO1vaEqo4XBVwBSOdysnXnhSTGvxW+304jPMxnmiZDwCnMMaXwdNHxzFXTi7iFo//fE1W197n0+3u6yvnIFrCSLnvYO4lpopK2AbHFctIL8MWTRgvi83AnJXQr9DhO1PtiYLCTUYVZ+Ds2o2u0IcXPq304iLvMobZ7HIapU0oVmmXkLfkn+5MGW8EcJIXg5NizoYaWquO8q/arbM33V+na6wcDUqOLXmTdL3UZaHxdIHeClstyF4od5B5Pc55w5tBff6dhB13VeuW8rY5VkszUDCmUZHjp52R+xW90N50lh/D0PDjJ1AlecIudlqXe7Tur6ZlIiapn2B3WA0naOYStDpIdy0MGpimp3I1/+QKMY3mYjm8SxLc+Adf9RuRtIi7dNbxgbTDBVLblTx7sNw6TcsJmxXezUtSM3OXU2Ca1xjIEie185GHt9RWazXKR26BRsaisrd37t282E HTTP/1.1" 404 73 "-" "Mozilla/4.0 (compatible; MSIE 8.0; Win32)" "redlug.com"
78.29.246.2 - - [02/Jun/2015:19:05:43 -0700] "GET /U?N=GDXbd2n0xaK6H5cOG+A/cMz62gvzvhJLEthCpa8AUiwrCsjxxWf3lyKe9IARxjoBIkC89qFcEWFsuga8/+STO5b/A/nbmMe8pc0kST3fyQvzmgMK1BXzLMf+Pvn/opd0IsrrwiN/YU4owevIjBfjUAnuJ+qi3Q8I97DBadaWUiMNgmZOwImSSrVaOLbxsId4OaJXKipj2y/aWrMJw/03MqrS4Rv3f+yrD1wPPu072S0Lp5+p/cDnIMmUng2SC5hpPqConW+L52gAl9UXVBOXXcVmjOCBvQ5yINZla19HZcKPoh4fPSOKHYSjAq3oK/hdQ3AUormVvBkg1N/upR+XL5IeLugZMnpfK+PYsRq5KmsSfVbzWaNfcMUa1C7QVlYR+oA2cAeujnSFcstSBhn60zTjVf4vt40dccKWwgFMVEw4AlF/vWcCdTF0MjjL6ae5PMecYJQvp7rI0DNLx47xJJ1Cevijtkr/cpNbKz91tIuymwWAjWNWENwH7DtMzdkmduI7dmZPjrClDcu3+ZK0z/S3ol64F2eQ5qjh12o/JJMLkUHxaKPdasEWvb4ZNAU3fW6DShq8PvpMCuGpS7D/8wF8BbW/IAta2KatOE5qrF3uNZqsAHhVviOA4hPvtnc6EfZSrO0XHUzfsMBMOP6pQgJLdt/NZ5LBN+4OPjssevdrtrQE7S/zF1qPMXXs1Ng5+v9LLlZ8jWxKN5BzozYWzEI7HRqNtsnpHTidia1cc55X/62EDbS23BfsHIpwrArp4+2Ja9DI40mm+FbLGysmooLLEr7d9hbXM0yr+Mt9dQqTxZdMQrhQTizvuqpyxfpL3tdfH/ABZRIoJAPjeH HTTP/1.1" 404 73 "-" "Mozilla/4.0 (compatible; MSIE 8.0; Win32)" "redlug.com"
78.29.246.2 - - [02/Jun/2015:19:05:45 -0700] "GET /w?F=OXaqqRRVsSMUNpqqRaY8/axoUjtZvO5lyUW5Xhzu4bV2Yawr4hznolGoj2yvcE7Fqwrf4XIjToqpLgx0ALNHrVbEuNetqcsJHsiKc6kZmCVHKaWoyraEyh6CDwoBtoFE0rqNzg1ezO+mtDiRbyDzSrDUSXoL/rA6TvRqG+yt5T8ZsjeMkoj3I3MhD5bDEKLWgttXlCFvs/lLR1RcbPX4aV0cVhyp0rKimAZqqWtKNHfUS7SMn4tETIN7MhmU9a4yUVBpuMBwslvMfCJZrvN6KYRJpXNNHYhugnAspwrg9rXEF0qErCeytKlpX1YtCpGDtPNSxjsDKzy3PhHyjlN6mFNyZBolqVmjNUKmOIUPcrg3IQ02/V/q5GfSil1vxgOR7HR9yRJNcJK3cs/0tBt+DZ6pPVOImniAsJMCacqxerODIgj94OqHl5pgp+8iUqm+oNs5RyYJS3j2qeGq3LakGg2p3Dz9qGhm3ZBCmx5N6JL9S30lmLK0modnr28MttFrEFP5TR8KXaCwamDA/PRuf5HgD2FyOsw4pKDtxD8Lsuvau/eiEqpQGvjlNiX4XcS4Ft+6LjgcoYd4GABljFv7mDOwP2U/JhVZy2hm+8D/0hP/os/ALNT8cp64n5hH6rfj24c+KyjyINC67F7wScryqmgbfEJK7zKaujpGYuwdVi5fCt8TRNotgpXCrQ7klcGXzEqHszPUj9rkDSyDq22DhD8NEs0BBKapoedo21ReaobLQrPM0YvL0wy3Gw0F2BAVuAlYI7fs5JAHWCJOmXmSvMxPhOtsdgNY3B/kXms8YXxXatcTi3Akrq9bvGQSc2r7i8czQwaY91jsbvSUXeTlay0 HTTP/1.1" 404 73 "-" "Mozilla/4.0 (compatible; MSIE 8.0; Win32)" "redlug.com"
78.29.246.2 - - [02/Jun/2015:19:05:47 -0700] "GET /Z?U=zAcE9U/Q87VXNkUwILFTm/8hSWNhDyvqAxwpcVDfhw+iRV9fDzLr+h4RiNlEf4uyzfo6HTqPvLf3IE4FAfUklx0ENdwCilOPCp0SemJj2eANpaYyND/zwM7XD+DlnvXwTlZFc1LbK3g6dehp18kaHLhzmaShU/+Fg3Jt8t0ms4DkTnVp3bFIm5LX0wWEaeoc/G+E93jUECKbgBz7Zs+P2zh2sd/Jvi+H9ZXJV1vaDV+UmiFjQKlKynb1gPBrDWmzqtoqetT/gUS+XQDbmpHJ9WVHnvGDtDo6RNlwavK/RkqxTgUfqFLgXJHhsd7uq9WVhvPEWtgSmH73lqaYKLoPISx6O3jwpIDUbcaI63VYqEtpX+beT3etnBbFOnHVKD1PTElXjgTqexrcL0mj2QOFmFY737LVjeAViVSyr+FXW+AG6OX+agwV10CC3Td3tW4BqDEdtLeKibF7MaDu4CFvjjhI82UJafxufKk4XJnWA5tbd/XFiZh8QQMq9WtyP+4DsVM+fuSUjakE/1qtPBXV7w0uZwJq2tdQXak41W0ShMioSf6ZpcJncBfJYsQBLJPfYqQaKxWbObzgV7JptrRG3u6pVMzLr58F8B+q3WHeJMDPNpYvfAAtXcMxdsUyGjjBW9Zhozu/+bhBFuLDGnxerQ6Qs+I9QF5Z0YFIHT4vcNE7pbH/yD2umozIdP4PbRMoBAD4VGUfKUWsD6YwrBx3gCrcjT/+8qubVtyBZVZ38zQjvgIfT82SE1eNKm0kgsQIAp0b0wc3zDO5h20rRWDndqy5z8WtVugjdxN5xB2Fo2iXnJFsa4DVe6GHcpcwOWpqoIdUuYSMWfM HTTP/1.1" 404 73 "-" "Mozilla/4.0 (compatible; MSIE 8.0; Win32)" "redlug.com"
78.29.246.2 - - [02/Jun/2015:19:05:49 -0700] "GET /d?Z=oYgXTiuauShay4u5nPoQmx/D6k/w52ZZvoczuYW2Ok7hMibS+muJnFWrfeDy2R623jttyORYRiJVMc2s98ILNCjPiA8Rx7O3hQesgv7JjOo2lAy5wmg9P4dYIz9HgpcgiiGmetjb+6sff9H/J6NJ2A5WeYXSdHHmsDOxElATRyTpW969+6DCbnnHoFarur/+yOxfM0yQai0Elotp2N6gFssWPIaFnP5lTcujnSvElEer475x4xOW5WDtO9zTsZDIVvrKkbG7305bQ09eoI7vGzxpwbyPjPPZSd7MTNisVu5cyBCw6/kRuRm7NICrkCnn1ZKu14p5UEQH1lIGPu2ahPJOPPCam/FP2wjp3WeMoFib5Z37vbku85UEyqHTd/plJ0Pul6A9vtzdtrMs54sjYSR9/6xV6W2qQNOd2NsCD5EQ9bivwNTkNSzMZnITVhIQNjLYHwZaQ1IsQHbkZ5zEKmlX1mt+aEyCRUZxTzISLy23h4ohOGmrMFesRCE5l4LSFHeg3mhPC5qiS6XgRuf1gZI4HN5Ixw7gK/4GttxDSAKP+S8sVkMGE0q0Nxv3TJYFXare1y8mS3X29zLy8U6o6ynkHGcocteOACttQUka9BPAzh4p0g2PwY1vLkqzYCplHFnuTKkVOzDaKNs/rE+DNlrchwo++afCR63SFx8RElGKBNNOt4DruiwWLRtPYl5RMy21mv15VUISbFo8tEUVpLz41Fxh6gUpnSRiCNQABMFkt3iai3nnAagHiQwMsI23fDDbsxF1M66Q8ABTQtpXQ9AU2jne7rtn21Q HTTP/1.1" 404 73 "-" "Mozilla/4.0 (compatible; MSIE 8.0; Win32)" "redlug.com"
78.29.246.2 - - [02/Jun/2015:19:05:50 -0700] "GET /F?w=22u5Cs6SLWyqSWPAAlOzWbT/tLN9tGlSCJv69Ca8FyLgk4hQ75i9rnGp4oQrFOq3Ujmf4YI9/y15Q0SVd4Ka9X7TI0jfvGxyIdciK1tEFDct0tMUxHA8xTk/1ahBeL2AeHXm6CcKjbWXDruF185pXgzvAP0dEgywPrFQw7cwJtbhbkDM80ji6bBNIYJ5Aa0iX3G99wEvm HTTP/1.1" 404 73 "-" "Mozilla/4.0 (compatible; MSIE 8.0; Win32)" "redlug.com"
217.69.133.68 - - [02/Jun/2015:19:06:35 -0700] "GET /robots.txt HTTP/1.1" 200 37 "-" "Mozilla/5.0 (compatible; Linux x86_64; Mail.RU_Bot/2.0; +http://go.mail.ru/help/robots)" "www.redlug.com"
217.69.133.224 - - [02/Jun/2015:19:06:37 -0700] "GET /pdf/women.pdf HTTP/1.1" 200 34646 "-" "Mozilla/5.0 (compatible; Linux x86_64; Mail.RU_Bot/2.0; +http://go.mail.ru/help/robots)" "www.redlug.com"
157.55.39.180 - - [02/Jun/2015:19:09:59 -0700] "GET /images/0306DenisKeane.jpg HTTP/1.1" 200 45162 "-" "msnbot-media/1.1 (+http://search.msn.com/msnbot.htm)" "redlug.com"
157.55.39.180 - - [02/Jun/2015:19:10:00 -0700] "GET /Socialist/0411ST.htm HTTP/1.1" 200 2038 "-" "Mozilla/5.0 (compatible; bingbot/2.0; +http://www.bing.com/bingbot.htm)" "redlug.com"
157.55.39.180 - - [02/Jun/2015:19:10:00 -0700] "GET /images/leon.gif HTTP/1.1" 200 26284 "-" "msnbot-media/1.1 (+http://search.msn.com/msnbot.htm)" "redlug.com"
31.184.238.128 - - [02/Jun/2015:19:11:04 -0700] "GET /logs/access.log HTTP/1.1" 200 264230 "http://buyfluconazole150mgnoprescription.enjin.com" "Opera/9.80 (Windows NT 6.1) Presto/2.12.388 Version/12.16" "redlug.com"
157.55.39.31 - - [02/Jun/2015:19:12:11 -0700] "GET /Documents/NinaSimone.htm HTTP/1.1" 200 3965 "-" "Mozilla/5.0 (compatible; bingbot/2.0; +http://www.bing.com/bingbot.htm)" "www.redlug.com"
110.86.164.70 - - [02/Jun/2015:19:12:45 -0700] "GET /logs/access_150224.log HTTP/1.1" 200 41073 "http://redlug.com/" "Mozilla/5.0 (Macintosh; Intel Mac OS X 10_6_8) AppleWebKit/537.36 (KHTML, like Gecko) Chrome/28.0.1500.71 Safari/537.36" "redlug.com"
110.86.164.70 - - [02/Jun/2015:19:12:47 -0700] "GET /wp-login.php?action=register HTTP/1.1" 404 88 "http://redlug.com/" "Mozilla/5.0 (Macintosh; Intel Mac OS X 10_6_8) AppleWebKit/537.36 (KHTML, like Gecko) Chrome/28.0.1500.71 Safari/537.36" "redlug.com"
110.86.164.70 - - [02/Jun/2015:19:12:48 -0700] "GET /wp-login.php?action=register HTTP/1.1" 404 88 "http://redlug.com/wp-login.php?action=register" "Mozilla/5.0 (Macintosh; Intel Mac OS X 10_6_8) AppleWebKit/537.36 (KHTML, like Gecko) Chrome/28.0.1500.71 Safari/537.36" "redlug.com"
31.184.238.128 - - [02/Jun/2015:19:13:18 -0700] "GET /logs/access.log HTTP/1.1" 200 265428 "http://www.theknot.com/wedding/rabeprazole-and-price" "Mozilla/5.0 (Windows NT 6.1) AppleWebKit/537.36 (KHTML, like Gecko) Chrome/30.0.1599.12785 YaBrowser/13.12.1599.12785 Safari/537.36" "redlug.com"
157.55.39.1 - - [02/Jun/2015:19:14:03 -0700] "GET /labhist/nimrod1983.htm HTTP/1.1" 404 88 "-" "Mozilla/5.0 (iPhone; CPU iPhone OS 7_0 like Mac OS X) AppleWebKit/537.51.1 (KHTML, like Gecko) Version/7.0 Mobile/11A465 Safari/9537.53 (compatible; bingbot/2.0; http://www.bing.com/bingbot.htm)" "redlug.com"
157.55.39.1 - - [02/Jun/2015:19:14:03 -0700] "GET /labhist/nimrodobit2.htm HTTP/1.1" 404 89 "-" "Mozilla/5.0 (iPhone; CPU iPhone OS 7_0 like Mac OS X) AppleWebKit/537.51.1 (KHTML, like Gecko) Version/7.0 Mobile/11A465 Safari/9537.53 (compatible; bingbot/2.0; http://www.bing.com/bingbot.htm)" "redlug.com"
151.80.31.151 - - [02/Jun/2015:19:15:12 -0700] "GET /images/ HTTP/1.1" 200 1939 "-" "Mozilla/5.0 (compatible; AhrefsBot/5.0; +http://ahrefs.com/robot/)" "redlug.com"
180.76.15.9 - - [02/Jun/2015:19:20:23 -0700] "GET /paper2004/0404Collusion.htm HTTP/1.1" 200 2881 "-" "Mozilla/5.0 (compatible; Baiduspider/2.0; +http://www.baidu.com/search/spider.html)" "www.redlug.com"
157.55.39.1 - - [02/Jun/2015:19:20:46 -0700] "GET /Archive/UWC1974.htm HTTP/1.1" 200 4583 "-" "Mozilla/5.0 (compatible; bingbot/2.0; +http://www.bing.com/bingbot.htm)" "redlug.com"
31.184.238.128 - - [02/Jun/2015:19:22:18 -0700] "GET /logs/access.log HTTP/1.1" 200 266886 "http://gravatar.com/orderlevitrasoftonlinenorx" "Mozilla/5.0 (Windows NT 5.1) AppleWebKit/537.36 (KHTML, like Gecko) Chrome/32.0.1700.102 Safari/537.36" "redlug.com"
78.189.152.25 - - [02/Jun/2015:19:22:47 -0700] "GET /F?j=B0:B2:DC:95:02:07 HTTP/1.1" 404 73 "-" "Wget" "redlug.com"
31.184.238.128 - - [02/Jun/2015:19:24:31 -0700] "GET /logs/access.log HTTP/1.1" 200 267260 "http://www.theknot.com/wedding/prices-and-duricef" "Mozilla/5.0 (Windows NT 6.1) AppleWebKit/537.36 (KHTML, like Gecko) Chrome/32.0.1700.76 Safari/537.36" "redlug.com"
31.184.238.128 - - [02/Jun/2015:19:33:22 -0700] "GET /logs/access.log HTTP/1.1" 200 267520 "http://www.theknot.com/wedding/anastrozole-online" "Mozilla/5.0 (Windows NT 5.1; rv:26.0) Gecko/20100101 Firefox/26.0" "redlug.com"
157.55.39.1 - - [02/Jun/2015:19:33:24 -0700] "GET /Socialist/0503Unions.htm HTTP/1.1" 200 3904 "-" "Mozilla/5.0 (compatible; bingbot/2.0; +http://www.bing.com/bingbot.htm)" "redlug.com"
31.184.238.128 - - [02/Jun/2015:19:35:38 -0700] "GET /logs/access.log HTTP/1.1" 200 267930 "http://www.theknot.com/wedding/delivery-and-dipyridamole" "Mozilla/5.0 (Windows NT 6.1) AppleWebKit/537.36 (KHTML, like Gecko) Chrome/30.0.1599.12785 YaBrowser/13.12.1599.12785 Safari/537.36" "redlug.com"
151.80.31.151 - - [02/Jun/2015:19:38:19 -0700] "GET /tu/?C=N;O=D HTTP/1.1" 200 575 "-" "Mozilla/5.0 (compatible; AhrefsBot/5.0; +http://ahrefs.com/robot/)" "redlug.com"
157.55.39.31 - - [02/Jun/2015:19:39:10 -0700] "GET /robots.txt HTTP/1.1" 200 37 "-" "Mozilla/5.0 (compatible; bingbot/2.0; +http://www.bing.com/bingbot.htm)" "www.redlug.com"
66.249.69.3 - - [02/Jun/2015:19:40:53 -0700] "GET /SPLogo_third.jpg HTTP/1.1" 200 2817 "-" "Googlebot-Image/1.0" "redlug.com"
151.80.31.151 - - [02/Jun/2015:19:40:55 -0700] "GET /paper2003/ HTTP/1.1" 200 1194 "-" "Mozilla/5.0 (compatible; AhrefsBot/5.0; +http://ahrefs.com/robot/)" "www.redlug.com"
37.115.187.54 - - [02/Jun/2015:19:41:31 -0700] "GET /robots.txt HTTP/1.1" 200 37 "-" "Mozilla/5.0 (Windows NT 6.3; WOW64; rv:36.0) Gecko/20100101 Firefox/36.0" "redlug.com"
37.115.187.54 - - [02/Jun/2015:19:41:32 -0700] "GET /xmlrpc.php?rsd HTTP/1.1" 404 73 "-" "Mozilla/5.0 (Windows NT 6.3; WOW64; rv:36.0) Gecko/20100101 Firefox/36.0" "redlug.com"
37.115.187.54 - - [02/Jun/2015:19:41:32 -0700] "GET / HTTP/1.1" 200 9589 "-" "Mozilla/5.0 (Windows NT 6.3; WOW64; rv:36.0) Gecko/20100101 Firefox/36.0" "redlug.com"
93.79.202.178 - - [02/Jun/2015:19:41:56 -0700] "GET /logs/access_130930.log HTTP/1.1" 404 73 "http://xenical.onlc.be/?4877" "Mozilla/5.0 (Windows NT 6.1; WOW64; rv:10.0.2) Gecko/20100101 Firefox/10.0.2" "redlug.com"
93.79.202.178 - - [02/Jun/2015:19:41:57 -0700] "GET /logs/access_130930.log HTTP/1.1" 404 73 "http://xenical.onlc.be/?4877" "Opera/9.80 (Windows NT 5.1; U; ru) Presto/2.10.289 Version/12.02" "redlug.com"
93.79.202.178 - - [02/Jun/2015:19:41:59 -0700] "GET /access_130930.log HTTP/1.1" 404 73 "http://xenical.onlc.be/?4877" "Opera/9.80 (Windows NT 5.1; U; ru) Presto/2.10.289 Version/12.02" "redlug.com"
93.79.202.178 - - [02/Jun/2015:19:42:01 -0700] "GET /logs/access_130930.log HTTP/1.1" 404 73 "http://xenical.onlc.be/?4877" "Mozilla/4.0 (compatible; MSIE 8.0; Windows NT 5.1; Trident/4.0; MRA 6.0 (build 5993); MRA 8.0 (build 5784); InfoPath.2)" "redlug.com"
93.79.202.178 - - [02/Jun/2015:19:42:04 -0700] "GET /access_130930.log HTTP/1.1" 404 73 "http://xenical.onlc.be/?4877" "Mozilla/4.0 (compatible; MSIE 8.0; Windows NT 5.1; Trident/4.0; MRA 6.0 (build 5993); MRA 8.0 (build 5784); InfoPath.2)" "redlug.com"
93.79.202.178 - - [02/Jun/2015:19:42:06 -0700] "GET /logs/access_130930.log HTTP/1.1" 404 73 "http://xenical.onlc.be/?4877" "Mozilla/5.0 (Windows NT 5.1) AppleWebKit/535.2 (KHTML, like Gecko) Chrome/15.0.874.121 Safari/535.2" "redlug.com"
93.79.202.178 - - [02/Jun/2015:19:42:07 -0700] "GET /access_130930.log HTTP/1.1" 404 73 "http://xenical.onlc.be/?4877" "Mozilla/5.0 (Windows NT 5.1) AppleWebKit/535.2 (KHTML, like Gecko) Chrome/15.0.874.121 Safari/535.2" "redlug.com"
31.184.238.128 - - [02/Jun/2015:19:44:39 -0700] "GET /logs/access.log HTTP/1.1" 200 270990 "http://buyestradiol2mgnoscript.tumblr.com" "Mozilla/5.0 (Windows NT 6.1) AppleWebKit/537.36 (KHTML, like Gecko) Chrome/30.0.1599.13014 YaBrowser/13.12.1599.13014 Safari/537.36" "redlug.com"
151.80.31.151 - - [02/Jun/2015:19:45:33 -0700] "GET /Election/031119TB.htm HTTP/1.1" 200 1041 "-" "Mozilla/5.0 (compatible; AhrefsBot/5.0; +http://ahrefs.com/robot/)" "www.redlug.com"
31.184.238.128 - - [02/Jun/2015:19:46:56 -0700] "GET /logs/access.log HTTP/1.1" 200 271456 "http://0n3compazine.forumcircle.com" "Mozilla/5.0 (Windows NT 6.1) AppleWebKit/537.36 (KHTML, like Gecko) Chrome/33.0.1750.117 Safari/537.36" "redlug.com"
86.128.23.253 - - [02/Jun/2015:19:47:12 -0700] "GET /images/YaWBnahinch.jpg HTTP/1.1" 200 34671 "https://www.google.co.uk/" "Mozilla/5.0 (Windows NT 6.1; WOW64) AppleWebKit/537.36 (KHTML, like Gecko) Chrome/43.0.2357.81 Safari/537.36" "redlug.com"
8.37.224.252 - - [02/Jun/2015:19:47:27 -0700] "GET /pdf/che_sos.pdf HTTP/1.1" 200 207560 "http://www.google.co.in/search?ie=UTF-8&q=che+guevara+pdf+free+download&revid=2019712686&sa=X&ei=d2puVerQAsrLogSW-YOwCQ&ved=0CAYQ1QI" "UCWEB/2.0 (Java; U; MIDP-2.0; Nokia203/20.37) U2/1.0.0 UCBrowser/8.7.0.218 U2/1.0.0 Mobile" "redlug.com"
117.204.69.123 - - [02/Jun/2015:19:47:32 -0700] "GET /pdf/che_sos.pdf HTTP/1.1" 206 207560 "http://www.google.co.in/search?ie=UTF-8&q=che+guevara+pdf+free+download&revid=2019712686&sa=X&ei=d2puVerQAsrLogSW-YOwCQ&ved=0CAYQ1QI" "UCWEB/2.0 (Java; U; MIDP-2.0; Nokia203/20.37) U2/1.0.0 UCBrowser/8.7.0.218 U2/1.0.0 Mobile" "redlug.com"
199.180.114.198 - - [02/Jun/2015:19:48:38 -0700] "GET /logs/access.log HTTP/1.1" 200 158167 "http://redlug.com/" "Mozilla/5.0 (Windows NT 6.1) AppleWebKit/537.36 (KHTML, like Gecko) Chrome/39.0.2171.95 Safari/537.36" "redlug.com"
199.180.114.198 - - [02/Jun/2015:19:48:39 -0700] "GET /wp-login.php?action=register HTTP/1.1" 404 88 "http://redlug.com/" "Opera/9.80 (Windows NT 6.2; Win64; x64) Presto/2.12.388 Version/12.17" "redlug.com"
199.180.114.198 - - [02/Jun/2015:19:48:39 -0700] "GET /wp-login.php?action=register HTTP/1.1" 404 88 "http://redlug.com/wp-login.php?action=register" "Opera/9.80 (Windows NT 6.2; Win64; x64) Presto/2.12.388 Version/12.17" "redlug.com"
180.76.15.135 - - [02/Jun/2015:19:50:23 -0700] "GET /War/?C=N;O=A HTTP/1.1" 200 733 "-" "Mozilla/5.0 (compatible; Baiduspider/2.0; +http://www.baidu.com/search/spider.html)" "www.redlug.com"
91.200.12.44 - - [02/Jun/2015:19:50:51 -0700] "GET /logs/access.log HTTP/1.1" 200 157385 "http://redlug.com/" "Mozilla/5.0 (Windows NT 6.1) AppleWebKit/537.36 (KHTML, like Gecko) Chrome/39.0.2171.95 Safari/537.36 OPR/26.0.1656.60" "redlug.com"
91.200.12.44 - - [02/Jun/2015:19:50:53 -0700] "GET /wp-login.php?action=register HTTP/1.1" 404 88 "http://redlug.com/" "Opera/9.80 (Windows NT 6.2; Win64; x64) Presto/2.12.388 Version/12.17" "redlug.com"
91.200.12.44 - - [02/Jun/2015:19:50:54 -0700] "GET /wp-login.php?action=register HTTP/1.1" 404 88 "http://redlug.com/wp-login.php?action=register" "Opera/9.80 (Windows NT 6.2; Win64; x64) Presto/2.12.388 Version/12.17" "redlug.com"
151.80.31.151 - - [02/Jun/2015:19:51:37 -0700] "GET /Assorted/ HTTP/1.1" 200 1199 "-" "Mozilla/5.0 (compatible; AhrefsBot/5.0; +http://ahrefs.com/robot/)" "redlug.com"
78.189.152.25 - - [02/Jun/2015:19:52:47 -0700] "GET /F?j=B0:B2:DC:95:02:07 HTTP/1.1" 404 73 "-" "Wget" "redlug.com"
151.80.31.151 - - [02/Jun/2015:19:53:26 -0700] "GET /Quotes.htm HTTP/1.1" 200 3435 "-" "Mozilla/5.0 (compatible; AhrefsBot/5.0; +http://ahrefs.com/robot/)" "redlug.com"
212.183.187.61 - - [02/Jun/2015:19:54:14 -0700] "GET /logs/access.log HTTP/1.1" 200 157493 "http://redlug.com/" "Mozilla/5.0 (Windows NT 5.1; rv:34.0) Gecko/20100101 Firefox/34.0" "redlug.com"
212.183.187.61 - - [02/Jun/2015:19:54:16 -0700] "GET /wp-login.php?action=register HTTP/1.1" 404 88 "http://redlug.com/" "Opera/9.80 (Windows NT 6.2; Win64; x64) Presto/2.12.388 Version/12.17" "redlug.com"
212.183.187.61 - - [02/Jun/2015:19:54:16 -0700] "GET /wp-login.php?action=register HTTP/1.1" 404 88 "http://redlug.com/wp-login.php?action=register" "Opera/9.80 (Windows NT 6.2; Win64; x64) Presto/2.12.388 Version/12.17" "redlug.com"
212.183.187.61 - - [02/Jun/2015:19:54:16 -0700] "GET /logs/access.log HTTP/1.1" 200 157535 "http://redlug.com/" "Opera/9.80 (Windows NT 6.2; Win64; x64) Presto/2.12.388 Version/12.17" "redlug.com"
212.183.187.61 - - [02/Jun/2015:19:54:17 -0700] "GET /api/shorten/json/http://customteeshirtss.net HTTP/1.1" 404 88 "http://redlug.com/" "Opera/9.80 (Windows NT 6.2; Win64; x64) Presto/2.12.388 Version/12.17" "redlug.com"
154.127.97.88 - - [02/Jun/2015:19:54:59 -0700] "GET /logs/access.log HTTP/1.1" 200 157584 "http://redlug.com/" "Mozilla/5.0 (Windows NT 6.1) AppleWebKit/537.36 (KHTML, like Gecko) Chrome/39.0.2171.95 Safari/537.36" "redlug.com"
154.127.97.88 - - [02/Jun/2015:19:55:01 -0700] "GET /wp-login.php?action=register HTTP/1.1" 404 88 "http://redlug.com/" "Opera/9.80 (Windows NT 6.2; Win64; x64) Presto/2.12.388 Version/12.17" "redlug.com"
154.127.97.88 - - [02/Jun/2015:19:55:02 -0700] "GET /wp-login.php?action=register HTTP/1.1" 404 88 "http://redlug.com/wp-login.php?action=register" "Opera/9.80 (Windows NT 6.2; Win64; x64) Presto/2.12.388 Version/12.17" "redlug.com"
31.184.238.128 - - [02/Jun/2015:19:55:51 -0700] "GET /logs/access.log HTTP/1.1" 200 276327 "http://buybromocriptineonline2014.enjin.com" "Mozilla/5.0 (Windows NT 6.0) AppleWebKit/537.36 (KHTML, like Gecko) Chrome/32.0.1700.107 Safari/537.36" "redlug.com"
222.77.187.171 - - [02/Jun/2015:19:57:56 -0700] "GET /logs/access.log HTTP/1.1" 200 157670 "http://redlug.com/" "Mozilla/5.0 (Windows NT 6.1) AppleWebKit/537.36 (KHTML, like Gecko) Chrome/39.0.2171.95 Safari/537.36 OPR/26.0.1656.60" "redlug.com"
222.77.187.171 - - [02/Jun/2015:19:57:59 -0700] "GET /wp-login.php?action=register HTTP/1.1" 404 88 "http://redlug.com/" "Opera/9.80 (Windows NT 6.2; Win64; x64) Presto/2.12.388 Version/12.17" "redlug.com"
222.77.187.171 - - [02/Jun/2015:19:58:00 -0700] "GET /wp-login.php?action=register HTTP/1.1" 404 88 "http://redlug.com/wp-login.php?action=register" "Opera/9.80 (Windows NT 6.2; Win64; x64) Presto/2.12.388 Version/12.17" "redlug.com"
31.184.238.128 - - [02/Jun/2015:19:58:12 -0700] "GET /logs/access.log HTTP/1.1" 200 277268 "http://oddesogestrel.aircus.com" "Mozilla/5.0 (Windows NT 6.1) AppleWebKit/537.36 (KHTML, like Gecko) Chrome/32.0.1700.107 Safari/537.36" "redlug.com"
180.76.15.137 - - [02/Jun/2015:20:05:23 -0700] "GET /Publications/ HTTP/1.1" 200 645 "-" "Mozilla/5.0 (compatible; Baiduspider/2.0; +http://www.baidu.com/search/spider.html)" "www.redlug.com"
31.184.238.128 - - [02/Jun/2015:20:06:59 -0700] "GET /logs/access.log HTTP/1.1" 200 277703 "http://www.theknot.com/wedding/zestril-and-price" "Mozilla/5.0 (Windows NT 6.1; WOW64; rv:26.0) Gecko/20100101 Firefox/26.0" "redlug.com"
77.27.19.57 - - [02/Jun/2015:20:07:07 -0700] "GET /logs/access.log HTTP/1.1" 200 277933 "-" "Mozilla/5.0 (X11; Linux x86_64; rv:2.0b8pre) Gecko/20101011 Firefox/4.0b8pre" "redlug.com"
31.184.238.128 - - [02/Jun/2015:20:09:19 -0700] "GET /logs/access.log HTTP/1.1" 200 278117 "http://www.theknot.com/wedding/desogestrel-and-guaranteed" "Opera/9.80 (Windows NT 6.1; WOW64) Presto/2.12.388 Version/12.16" "redlug.com"
78.29.246.2 - - [02/Jun/2015:20:16:07 -0700] "GET /S?F=EIDrAKh8SbLqriR7AdGrDpUyD9lLI44Fz/KmbPruHJANJY5QXGh8HaQTqWL6tUSTAfayUBdU1UBSTDiF7HLqBVOCzr6X2cClgIejtl/0AvtgLbKCWedhBqpzT6R9/1JW7ZkHJTckn4bBhINLVO4WVmA+NRMfZ6yu8USqhWM7J6v2t8Z4a5cIaYIDG6dWRxgc6xotEVEZgIyCIPZmqJK6EXHpKrB9GsZRZKzpEDD2oI6CjDLtfe6Pv3d+f3b6gmfQjuBPJTb8M8BUxtsdMDjme4/EzEHlDtncZtKn0zzF4EN2ONVWr/QltoenmILxtSdMlcg6c0sI7ioS5Xnzs6esxTGt+Ff4ovn1rW25dTLFhwNA9As0iFE5HVjvGaTjdjHIl78PBSEpIGo4jeU6UYt02nl74SZIYouBo3oXgb7qrlj11pmV+ue8kHuo6oMAUnaQ80bVmVrM+lrhkBKPIQmvRn2ZrbaTEvaQxh9Br3hZlreiPpu03wrCUCsmrFLleEL1OgzevwcpAVYcB3gwc/RFFUtfu9l1Kf0kli7iqr+WL4SJDlR3lljAphSDAc9NX4+b4b8ABwDawOW9CQxsEBYiwlcDlGSzjnOx3K+Xl03OiUrXJWwAi3wJj9uDlkjsitYYUxQHrvwKNzIADDfsr52abFHRc9Id9Z/nGJ5JxoeadnNlJp6JSvI/QMictDpkaOvON0MrSTxxNSdIzLhzuNdh9WTyWrf6h6Pt9AovWlmrph41zrSoYIX2T0COYfkmmJnHVYYUJAGIeUd4j1Hxq2dwbj38C2VwwOu8lnkkNKP8qb/7ct0RXlk8EtDY4dgfphoyqHVUBHURZYF HTTP/1.1" 404 73 "-" "Mozilla/4.0 (compatible; MSIE 8.0; Win32)" "redlug.com"
78.29.246.2 - - [02/Jun/2015:20:16:09 -0700] "GET /w?o=Om/6wEsTX1uvjoiFRbeAm8wrf08ayDXVTLILQ5glKzUjFWvixvbWhqotWF/yccFw7ea5mUM/d79CwAZbG5MVNnIyrtAgnzvXJC9ZANOcxY0OCR5e2tuoW7CHsx8MY3zFwaGPrAqDdnueTOZoiYh4RninJ8Hnc55XuA1p3I1Mv0qUqkx/fI9BYn1hDFmHQBADukcS+eWq1qyUrH3xE9iJuSXUzB46x25koDP31A8RtABP5xUw554zkK9t9ZavIbtCYEDO7ptU2BGMBz/W5c9bXfBsc+j7PUJeGVXtkXeRE5tIKBuCc0w5YQqGuSjYHXfnXYBxbRghWD9WTTO+ZXBy4GyuC+mt0VNRgrEzhI93LYPu8iSPq0I5R519VOtdaDOCNtSd444TEYVmoMuq8RkpcAEJEP/AU7aKqSSZpIO/0o/dmt4cgJhdWC9htrgVfEtbblRd1QQh/mNLdHeqn/Bv//LAb6RceFeqYEpU9+CbUztgHHxwF68jwRrIcEYKxyB6Z6MLH6hFa88pAfNut9Nm/hl1w+gH1i5qUO7S3yuLSMqzkfI1lPfk1Bz9dwa+dYeQ7mIgKCFroNRNk4GtszMxdCxDUP4fwS0rfCMt60CO2D2PbJh6jLBH8cw71QhKBkyZvTmwm9zfFSK3gFHh2Foe8HJlAQxxslNdVvLrPW9ZEV1d24cZigWYNIUfDIQxOpOYduJN9Z6l3s+WjbDXjIn4m+UJu0CjEbEsBncvwvuT/yrmzZmnIkJUNjS8l2UovpJ4cacg6WT38Uc4gm4tvGDvvTItHNAjdAZq+bb+T6qRVoFZvXBvwAFnkdyMpmoWN7eKHzEyn0 HTTP/1.1" 404 73 "-" "Mozilla/4.0 (compatible; MSIE 8.0; Win32)" "redlug.com"
78.29.246.2 - - [02/Jun/2015:20:16:11 -0700] "GET /k?Z=dyLnXYHV96mEl/1itFR/VpAlHqHr+RqPGy7cfJSKIFFJRxO3d8z4NFP7hPqeD6QzZgkkeiQuTUk3xvaTeuTLyKMpamwucgtfilJ50hibyCm7c8xOEe5qbD0cqjcscmIgX2Vw6NnJeQ0tdTzF3faIBAUd9wl0dBIzdzvIgt1CV2kOEaLfj97x/0023TGW5aGJh0orAiWIEd/OVHFdmuNHagEXFZZQlNQ9wn7OcEKzuV/sugJyvkA7zIuKl6Mn/gQSZEVwxjADrLvksr4CmNc2KJhBO6Vj40ZMRYmnLuB+Rpekl/s8pa6lh1ppbSdUJTTwxyC8W65Ce+Y1SLJWIvZoYe1TdTUpV6/UhjysZRB4LwyLW+vF6TLCDZJY7H9N6oquh1epXjBPNlgF/gy+mI12CeibV9avYyuguhr/NZhuZuWuW9Gd78tLtiABxCGUoZmhNE6WojAT/66y1tQSDPmNA6eW7VwEu3Ya/79KFY1M+/6s49+8KbEL2jdP7R9QaE0gM6J/S845AeSgsv98qcMBL1iAGdQC0ISMYktXjf0JmSd4fY5b5Sk0/HzOk2+5VUF7JEVTIXv2VfcDjUdW24bjWjB56BHBUPHr7JhZ9DX9Jly4oQ7o5ylb9ddC8C2F/59VkOim6TunAf/x9ZAO6akFgV4jfzy1O8Qb9JSWYl4AA902fzElWEWxtdogIJ0rO5dEuAr8U3VjJdFTLkhjQSOlup52ZAWqHE9HiAP/Uh1BKH+jQE1ESl9QwOYuvzRcoVV/n/jgL52rPjvNOUzoe7Q+NL5ZjftiY6a/jDiJ8MJdc9N0x5RWZtRKwmdQ51fFJ7qX HTTP/1.1" 404 73 "-" "Mozilla/4.0 (compatible; MSIE 8.0; Win32)" "redlug.com"
78.29.246.2 - - [02/Jun/2015:20:16:12 -0700] "GET /O?y=Vsyjd3H5GNgGJ64XizDDR1lltA+zd2Cr5HbEEAylJDZ/GoIRgZzlm694m40i6LeUenzg1K6qd+zfdMPE/dKr2QRpRe7Rx8XzG7GGYaDzg7mqyhJfF/+AzjegqnIm40aJyayWVRxcCofCMpatP8EqQO5OmC/otoi7koboVOmjEgIWVPTy9n3JSPYfwp6Ohz67eWbLmb8HNdPhFjesndxTk9DXPi6OAcjEHGHUo7DVXbfGE9HIMO7tJvDI4vERaPjPUS0e05TjdP5KWDIFBNZ9vMe/Ap4j7LMnM+BO8JswFlzi1B1i+q3+5+p9W2GO76Pks5Q5fVc7UyhwIOxJV1TOWVDr1BiOq23U+4GmuT85dAtfJNGSj++DVVhj0od0KghYHFkkLssRLgKwdge969374tHY/YFXGfBGkHfNY3IwoQv+4HtjaV/1M1VnL5XTrB+nJIqu9ISx6mn+xVNR4xPMpIOwTtcjaoRTFMsrpSYw5bl7yEKOLEP4Fh4akUTIphfmtClctq9MQQcM7KAO4arPMHMcYQ130PQFyCf/sNBHeVaw7z1WFOeXlA0z6/8VNyy4bRSpwGvn1z7iKPFoZo60mg3OPi5AVqlNSOtR03y8o75mTVLs1PfE/8Z6M1iSJk6RoGkMgIPWeWxtJ0H8mH0q4lcdSRN6u44f4/FuTy0h42Gg/944h6ITFOqAZqihpYumAT1s3ItkAqzT3sn9p/bWdJ1dvAZ5WHc9tEZ4DLM2lY0pucfCNRYBNghfJYguzacYS2VtV9/Q4PWa4+vpNkROZtkFTTBg6F0n0M+rmv HTTP/1.1" 404 73 "-" "Mozilla/4.0 (compatible; MSIE 8.0; Win32)" "redlug.com"
78.29.246.2 - - [02/Jun/2015:20:16:14 -0700] "GET /D?o=M4mDuzbk5B7XKxeDYiwK+fRanHd7A9T1j7krHijKdGoyPnRZA+VWIFzZ6+fow+aia8w5gENuUEbh/ZYchw1jnV3VTaFCfV341fc1JnwnNQ7wviQmHoQyjGwJ9W27SWkW7BkHyK+wZmzAb14TlfkvBX8VG9Az6USj8dZQDdAzu9Ltj2imfJQIWygA2GZCNtr/X336fzGOkTnKB3VSv8/ceQH5eDYx4qcaIAIoryNghOBF3jSXBUwI5uDY/liuGQdtEtTdI0vIWNoyxcIK69DeM96mSjF85/J4QGGkFtb+AUH9ZOdS/xIxGkbIwGWaWUigvMhkGxF+kQp12XphOtVyu6fbt5ScLEPqpEHOc3mTRiczzdiO+NRN9o2G4kULB1O/aekuf9bXErqS1Hg37VgRPUW7SE/CVQnU4fH9bn6e8uiCmtkky2l2xE5AfhzqusRFSZUXj4qSaGNE2WkZjaJS3nfvoZ087+0KivSGxykiLFtI9ZGCoZ5HqqiNuFW2M5dpc+rR4/ySsm7mmLChzl78yS6q9t6nffdUHnoFrY61MV+R9BoR0HoJWL63tCWKFaVkbR1Iaovc7MHWSstyB+hUl/oaaZSeHglFu6FzxHyhqJ7edhtLu/NZ9uQdduPr+3vixz4pVSUgkKkIlnSkVr9LjAp8SaxWl2USvERReoE3CWEzMb4eWcIhzeTOTB/LiF4rM97dt8gEIgs7cKT21VW7s+h+Fy2YgoM7/d+kBTSEpF1W+ylXjls+bJHsIZG+jO7HiVOzzqevQfT1YcoUtbVZ6PY11IDzXU8HU46ebv2nhDcpP0GK+SNk HTTP/1.1" 404 73 "-" "Mozilla/4.0 (compatible; MSIE 8.0; Win32)" "redlug.com"
78.29.246.2 - - [02/Jun/2015:20:16:17 -0700] "GET /y?s=nWEN6SV4be5wilmx3NiuqYpeRQbH0y+AZEwyKaWrxHmp87Y6yUnGeyKE1ZIIQuxgIhYZkQbzYAthpKQiWDTE1oRdBYsECC75fujcA/A/BpOWGjmN+81BNbApnRcegXSWqK9nyBwMBFiltt1aanVO8ww1eOM29eV1dkVfYaRIUNp345o5bSaiKseEDccu6hNlT55/Vpahq65SVcpHRuMGw3HaCZGXtlPF0hYj19Dzv9ZJ4wMjO5SawxoDqJyVETI7MxRDqOmPpyjEvexY7mFGGciwKUoZQP4npU38EP3AnsYRLsWHvph02RiqbB8o7An/SrWjykJX/KgYC9bECrpbd3T2C3E+wUVV20Fh2FZOBXCtRerxCE4JmXY8B/5g4IbZ9YyqeL5fE4fCJAyrm9z6IC5IsTSvqZRquZ9LMxWH4lxoorAXNlfcyQ44nwfwQdJrK+IdM5+xc/S1V4QMgdxjWTfZUiMScf2kBRhOF5pAsA2ddqB7b794fadkyraq9lDwAsGOBf2LeW8p6ncAWszGDUWlFiLJ37gB5hzWQcvNqFqdRrcgrfqbkoaKbzydkRxpYeb6cdlanu5BZWVe3Nm9qUE9qo2AC8XwsEPxQwtywj8nGC/VQqogG4OOraQmUPEGqI2zjdw1lCKwe0ZNoZExI/ayVUXn5H4dhOFxvjwoGHfTx0lzOA8P8U3+rLA68caUaUQhy7RRbDKtNsFeMRTfNdQbOC0S5nzU/MVhU1cXg316oXXMM2RGqIHWsnEA6Na9tN9qjrLgDTUWK4koZE+9WppOIUK1ui1RaYpoAHm1in2 HTTP/1.1" 404 73 "-" "Mozilla/4.0 (compatible; MSIE 8.0; Win32)" "redlug.com"
78.29.246.2 - - [02/Jun/2015:20:16:19 -0700] "GET /c?V=+1ngy0s2cGQKx/Atm9hiB5w5Q7R3HfoUS2AzWwplDPOrFGJGguQfgyA8076E4RIPITkVpOlhnKZ+qWMs0xheRzSRcxK9I6wUKSyJFO8Pk3J7TVuihoXqhk347TZ77Sv1qnhCHp/aEQIxTYnjvOoKeBzNepfllWFVg3JYHyt30Fwx6if78RxJt6lVQINE1dp56aj2V/HzX5sDx9LnrryvTCzLNlAMWx7wwE5U3/K8daQXYnc7HIw7tPPacCb/L82P+glLYlwN+GOVApfWB1Zb8sGfwBRChDFID0XEAq+r5tsB2pZweC0tObNrLgz+R2vE68goV7bEZLZa22XhkyqJ6wfFJ9x52Vbe9sFeBj25wCXPNUR7EOqq+aG8UgUEsD+QrARuHPLR6ONAV76gL8Jdp2dZPpxDroPmQWRPnBR832t/yYRmx0qMMKTv5IWKxdqygruvQZMP3bVVj7JcDxD1c2ornJ/EOIIukNE+aD5CDHyPhSgu01754TI6E//zincM/I+4Rx+IoE5yRugV4PANWed7sumRDZpdZLpnDH5Q/Yr97g/CKBSdyVnD9mstKP5oG/fz12DUMUGkhlA8hxgYp+l36orlKkbkQxPlwuJWbP3vrn8hmxDtZp3/mIpqPNywwVn96ZaCzo3LoGJcpy5urntO2VKiTAKfopBjv+U054mFTc9sbn9/KpWUPa29V+DVgppGo5gQdI1MrxyE8YOHCd8xXZ8KsOzF8HFFyoxcQ1vtD9QXOAb3e+F4DIC/I0gey1Rpy9A+DmJ2uVHGHwhx0IeGroXJyls0ST3zLv/ctTtrgDrbb+62AqzuzIe2AWwzIve/0b19B9KP HTTP/1.1" 404 73 "-" "Mozilla/4.0 (compatible; MSIE 8.0; Win32)" "redlug.com"
78.29.246.2 - - [02/Jun/2015:20:16:21 -0700] "GET /y?g=bwy1Sb0eWtzNFevxPCMEilbaMk46RVXXsnKSyAOgcMa0oLRrpUrGBlYIXQy/LN1xmO9A0TIG5cBC1xFQBk7dD0mr4FpCRXg1apicfB+OZ9rd/uhybRnYlJiUYdDxq3m44wtmG4A29FcIjXVtBQAXl76UJ7VR/KRikCHw1JgDOn7joD9rxU1oJid1wZJhIrVHsqWeXUVRX6olF1g/vsJZj5s6jV2tlpjwO/L4gJA9vMNQGe+R0FnumWZCxg4pWQ1CS601c+wVO2b/SswIH5fkvGGJo3MkhLCoRPG/pmNrPZOyZuicdEy8AQJ8FaNLhMWyj895PKsoICkQ56LYCez6Riv7ezuuO3qkADNkMhgOtOaB6/iPVpMm4RT9ZZA+1EMfnhlgmEKCGLHwXUtbQzhQKR5TLypwr/ftE4r1GM/ezRf9YOzLf82vBj6umTWwBvEuAwY9wmpZvMERiWSWL8hPixH8PwSK53sIPniu6yIeBl4+qqqJqHH2UNRvuu8Wo61pccdi1Fr6GCLMTKAb3DTWTt9LDf36EPCgAsWUHW/Q7w8tMK+da3xY2G940JbOH/nq62JNw1NA1K6rDt543WTkI33qFIbOdghHw/es0+WLKLKaNKdhf+xSvaHmifrVisQaiAF2ZTYk43Eq6LsBROYQ2/tVpkbCnFszOrW81eJ1ruwMfNYZpf0Qp8Z/Ozu+2/jDx0b5/Hxpvs86O17M0iedOtY3GCP+rKlVZ80smQNv1007LBpnReQc0hIzzZlcpGZ0ho5C7wQnTeuDohJeyDU86wssr76ajhjeuutBsz1HlW/+i+WkIcd4r6AEktiUj5QNxT3zF/dGMjbZ2 HTTP/1.1" 404 73 "-" "Mozilla/4.0 (compatible; MSIE 8.0; Win32)" "redlug.com"
78.29.246.2 - - [02/Jun/2015:20:16:22 -0700] "GET /w?l=0d2xzcLLMqTpqI8PDsVAuiihWvEFsHR5XL/K7mt+APLH6jR6F/krWDmtcWQySityfzEHdm5GcyRPIQxogYhnMVbncVcOA8aOsDK7mYunEjYopazKaBmocX3wgHmEKD0BT8yoM4G/aHxlyrab2RlJspWP6LaQl70rPvNdSRLZGVNCRAdE1wsGJ2aumJaszOII/zwnK/FrF38bahUxLd6sTrhWHh/8vXDWhCIEGXTVlHON+ymNYdqkphv+YVO+r4W6bwdD3uDvcM5bDjxJVd9PvIB3/dNRBEsesOOJ8IjBFOTPRa+ue0/zVJKZ+UigMvNgq7LtUQ0E5KL1fHn8AuFzkCZraqgCGC6KEHfnW8/1bwLEIBtIZNziQe9Jt+U5mgZqOE9Cvf4VbonSR8fXF3vhBUEe7X9myQu/s5UUgrmK4gerRDA83WkgwkzHrQqulAa4uNzQddlFlUJmPsYup4qJeDiEfK4QsB/8uwVcd2lD/HNJ8LnkkczRXsmr7iPNrysKDhC854WZy1YXo5XXo1PIWs1z78iYdEDBTNAbwisR+8dWyQgrpGH/oSepQKzYVqYL/hDXKj0c9kk6RWYHR4S704kzBT6WUWUPkdQDPijv5t6oqoo7ZWijG8wcAA4n1lDj4pXhEFq6KunvgKtnOluo5onXtqE69mUky6GpYWNLyItuu9pj7rscEElnC4EkArO0Lk0wQw9y7j+yj0CFjdq795e66Y27XRA2k1vBWsNxxKwB7mbpSBNFyys3kR4OgA/ffQL2Ip3VkmzW81XoUmOsJGvHnsNQNeCqWc7icQuhH9jaZJ2ZlOctgqhF0YjuXBDq7d/AlyKvTo2HPiMbYed HTTP/1.1" 404 73 "-" "Mozilla/4.0 (compatible; MSIE 8.0; Win32)" "redlug.com"
78.29.246.2 - - [02/Jun/2015:20:16:24 -0700] "GET /z?p=GXu17Q4fnKZv4/R3MoCFo0i8YydzhVnUR9TkLnJi9mHAdUo8jxVyhynrlJe+CBOEGRuzypso1hfUB2KlCTIGMG27/QipRyM3hDZ+5AGoIIU7eurHNnjB8K3Ea5SkyoqL+K1zjRMLqQ+ssrXgFdsN55Xx2YqQZxtGaD+XlPMuJpjlQ+sBeWjalYSFFecU3qCRKebuxddgts66bzTleI9F8D04na0RlL4fp4h3+rJn3W7xXsBPwTYixfNQvq3+fytSNmYNVsRNiFZHRLBCX54roUya0DvbStxBtHrsh9zl+4yUfUo1KUjgfa+9WE4NT/yA9F+8Tn+BQZRMzk+2XzZFBf8wX2/QIQV9C4fMq5BNxpPrbBuHb2BgpQNYm1GDmttFz0p4ijnQwtUOC9Krs4e0KOmlguTcW8DVAsiz6idJHhIjW0l6a68/HLNpT+hvUGb1SASB6UGt29N3spc358uzuqALzm4ga/QFsGM4CAAnh5fgFuedfZVZFsKCfRneyz9/LhyqFRml9TFVdbowXn+wz87JrQwWrqIrf25OHUiC11WmmGCjTaFGzp/SbZZuGt9Nr4eiDtn6HA5/Bt0S5/Mztdpb8mv0etkmdRfFXXPSZNpsJsfueJWGUUfTk2C4sGY8mx0QDxogOeVx9+pJf29X/Vb9qA+wv0yL2262DsfV/qEJjbvTS9PY0VFrWKffmkQHZRAflUxAtwtiFnaIdc71D0OYYgyi3rMK1L2DtAAhHhqrLmuZiiUGmnI78ul9T8fHUU/pTxMgeMpz91iRIHO29GnH+v83ozyAiGxg HTTP/1.1" 404 73 "-" "Mozilla/4.0 (compatible; MSIE 8.0; Win32)" "redlug.com"
78.29.246.2 - - [02/Jun/2015:20:16:26 -0700] "GET /O?L=FrFu6mGYM0Y6WcCtfFrP+nVi8sJmlaFzpNRByp/8l5/z/eA4wekhIiuKkAErz/gC7nH9vH7uryQ0XFGq1A+0fRNUImwMuoX4QiH3dhX8QKlZWeJyMFmbFR67XPZciVJCHqTzgXgIlfYVKazzFJaM2dSzUU4ZuD47ci93S5C9qp1bO0sBU24PU7te11vkkxchgiE0VnYVZC1pbU+C7VNZ6GSJhEDfxFqtrAahD6VBSSt6wXY2+H7KtUbwib4qsHd6azZuMlTSa0uDfCUmGL43qRE64ABCx19LGSkW4aPEpwjUYfAyQpk8dalj7XtFVezNalD0t2GOAq4EctqHcO9fT5s4BKAIZneMT/xTb2u2AeRAJ/xL1TGr91PoVoe0X6eZsPDLCHihNpgsLvG7THPr/DDhm8VDZMVpb2nBiOu+QJPuL63I8Z7gkWKgwV5Ms1UizMVGWXqnU13jB9ZFAnRM563HuTGMdY2zUdRmY3dxyzwoRs9qjipVDzRaK/t0673/efiLVTP3KkSNtdoAbckNvs69T8Vhj7cRzfxd5YdZ+HEnOd2wzOsNX8F8/I/dxV3fmpmWUgmbBLtzo/fRMXnJ41mwjGKbd/HQ8yMEWQa4ew8QSAd0O41euIhAccwkr02+uH42E6sXZ1xk2qzgh+mhyZhnNHE338kXHT8DHQ4ywWm2JvNpnaLrqJmxicILDOY9PII97cTukzEnGILbCdu6AyHn+Q3zOiIgH/NWtqsW7vXueFDifUZoHTDmgNulM1vESkSAx9ga5GBBffp1Cr8VATXT9jmAjlJ/DfT6WhoAZGacpiKeHgJrJuMFTbPfBIhCffyLtB HTTP/1.1" 404 73 "-" "Mozilla/4.0 (compatible; MSIE 8.0; Win32)" "redlug.com"
78.29.246.2 - - [02/Jun/2015:20:16:27 -0700] "GET /S?K=GLAhuTd3aixLxEHLvoXBuzF4ilU+CWYYZrUvRHZGZsrW8OCNZA6C3J8CsGLvvGNrYfqK4P7SGvUbc7y7h5wzrixu6DMDkhIiGHJM3Y1G3AcnEoxnY57L8h0r5iHFfK1/O/KjylEg6oeopL1QoAZz1kXiRY/w+ODcGHT516h6IBQMVAgR42+R69HBB+5WnrzlVcLlO66Qmb9VW1u86yaCPz2VRfsoi6DPyEUo+n5Dc/unVZpHkiLWA4G9u/ecevNU5GhFEotdjD1pIbqR0wZ5fbDIZBS6naT062/3LWEJrhsLV3l78h2+s52Aaf3rgcQDcomS9d0L/dMYxyceyE2sj0t7z8xhaPO/6mKuj42PcRxgmbXJnLtqi5pmUlw3tqXMXO1ghers2/WuSuyLBgcD1IPgHs4Yfif2mM7soW63mm5nyjCKhd9IGDpIxYuR3Ho7SDfSEqrZGf2Yigjv7FFWMdYhlawa7cfJ2xR94MHCxmRbf5wtjYCUhEJoEc+bfPOR5tTtwn5MaHYakB1WKEm8lez3G1S9Avxhx2avTpBz0IU4YHvwgixoJPj+L+CuDGVH0kgwjR8MVsF8ApLn2EwPHRWvRqnlRIbKCrcp/fpN9X8h5F6KiUA2892jOEPmAcSQR/zDWIRliA0lueZHFz2eus7151Cw8UZNtdkjhq/W2KZDk8b4zUVpkWilQiSM/d0qe0ndT0uEaaVlrOk0qccyJYyD0eyKCzgv7Ziejk14+GZgrVCH8JOpQPlno6Xr4vIA/8mq02EccWCtuYE2EUsM/4hgCD3EmLY5zW15SYyjVFMaGjvmn6GvPZy2PY4/FhOW35y83yCyEPEz HTTP/1.1" 404 73 "-" "Mozilla/4.0 (compatible; MSIE 8.0; Win32)" "redlug.com"
78.29.246.2 - - [02/Jun/2015:20:16:30 -0700] "GET /y?h=GU7W+e7RylhfbFLmpnP4GTX5ciGL7lBde/7faQRnpSl+0O9LlyXNAG/wyYIgThpXsT9rQXA3vB9/rL5kE3IyXT2JnSyWHqpwI34EIhBerCsydCDy4Z0Di6RE1l7lvF5OSfDQHPomG5b0H99IQDVTSTtnBT8hTYZ9a1Ry0XVfA1bYxAhcKpXhrbgyvN4Y3FluPREXj6NMOhkMru5FViCagk/N6kfIHa4m654LeMDllufaQ/w9aTU2QYx/pJliIMi2a2YKnUOfQiEzo/6c02VWfGRUa+Ua1JcKzHFQn7Os52OZnogoTguL6WPopQIpFquaboC72US8mUHPnco6Xod93o2jT7zaaRwP/6fFMvm2YVO1bgyBH6J0rM26WLvJK70ap7o4madV8s77X/AtvCJsb7buaaMwzJfUaWcdThEqae+sJEEg2ZTBbb+7fmIdjPc6kM0UkWMGjonHiErNtyRMAlKC7sB5dLMMkCI+yxAqFu1/T/qpEZdqn3UBLg41i09mDvJB++Q9qhrsL8pinTRA8NQXkSU+2FZQbJz3OxsRMFr8YvTurJinwFcpZrGJV/3JeoF40XN4gLs3JvRzX+oIVed7NZz1lr/OMQdzmQ5ku9sxmHsEK5K4xIGacYrKEVoDitB3QvA5xbVdDMOcHcHlBguJScj5ebGYGp6a8lSHDGwkbWxClpyENkPoj9HKZc+1eOHO6Lk+DgSESoWq/AW3xKxVg4SEP3aZjTJeBfSMxLsk4LBH8nVlToDutoVCuhnV4HpT0dTKE+QtIVf/8t5sfCo2tu3j/eYksTc03oApsS48MOLIMiiv86YACAish6rjZPYL+qLcZBgdjbJ3MF+twqV2 HTTP/1.1" 404 73 "-" "Mozilla/4.0 (compatible; MSIE 8.0; Win32)" "redlug.com"
78.29.246.2 - - [02/Jun/2015:20:16:31 -0700] "GET /u?o=aFHfN3Zqg00QCN8Br14pAChsmniYblF4b2jV7gw2Rpf3j9q05OKqw0HAZr8exG9Onwr5gccrEcsdQi2OZp8g0LD/ykdYd9YZ2yqBlOXjr9IwWHQjVTfdAfTDLNBYP6fv+1dZ2Hc+KX954UUX64/css+T7L/ukcdCjGH+kEpU4ymCrKc20wpFgrHy4H2iSpiNPOEkGRrQofBCicI9P5I2GkeIftbnfgpd6EzGXVGz5sGLFS1YmWOe4EtGPzUA9inY+zODuPio1msy6qM6NSdCEpJScnUjXW3R/TOq5c11xBBqtHkQv3kDgThLQxxfIYJEwjYxyF20jBPG9ovGHjE1sBJfa58qhQJEmdX4Yw5mRJy57YKCg1jEEaBpJXdbb27oZZldTSYjKmsipP395uTlnUP7BDkV/r/X3VPrYhcNiZvQDR/rjWrMCMyLTrzQDQ4byRLrWZMszY/yxCAPMEmU8iUt+a3/L5L4Sa3a0nte/5JNiDfpottyIwBiYC2kMQBhYMMC4U6D1yxxzgFnxk4fTaC97VRHfM6s7Nsm05NXX4aCkcQLVegvcLI0rQNhp3kZ/PSemyxofJ6Yv/r/J58xK/R7yzRyrtPowG00xd0AuZqL8zI/vjnZ1grXXuWQ6na2jEotfzKD8JOqs51uKJxfnCmo9TECLn1pa1gMbkRiu6aBSxw+LtO+XyH+Zgsnk62kx2mUoIKzHZOFp1MSihqX8i9FJ4w3rwBrNW7SWFkhfXmkeDgStYCeduFILUA6E7P0z9fMB/BY3JSp0l8sG5R7PudY3+Mg1s6v0S4RA+xJ6bc7eMWaL/accgnyb HTTP/1.1" 404 73 "-" "Mozilla/4.0 (compatible; MSIE 8.0; Win32)" "redlug.com"
78.29.246.2 - - [02/Jun/2015:20:16:33 -0700] "GET /h?i=dqAp09XjgGqVRO6FHHfUPwX8viQi84pJwJOH8FA/XMRgl566hoJ4wGKoX9AykS3R/6HC20F2xjbr40z64etZhPUGlhENPywTs49gcG0CdCkcvjY/IxULiuYVrJBFTSXhxiaHorMK+EWKi4UHhOHG+x9UAsxV7H25w/Mkz/u68IO6UP9y3FcHNIzKKGx9CUhpNpHKFCfSv9zAH7cU0cyDyNhouZGJbvZf5Y/5OL0BtZD84InjgKLe1q3On163mneuumAtBjZNXj7TOpVVICItIagWjtlC0gamopcVRin7AhH8nL3KeEswRJWP2pYTaJy/x4raX4Z/f4MsZNvDoli+5pkOg+S3mPhWGBuZwxJldQ1c6+n3I8l1btXNYYji+BfcH0tHeiXNWsIGlyB+8ICHCSJRzUKp7ydzCyZZANbwiTtgQ7unOdVSYa2GkIMJS5TTty6ykXpp3nVJwowDucWGNhTuSYZLortl+ICCVhigUUu+A8irlMfsGowtj3BuWXYAZn0EoibBOXiDaMtmVn+lQ31VP6g4A0jQPDxlzJKJpOyz4IiStCo+5mIWY52J2f/p71n3ElHXEXeol2MJM/uWSapSa42TgTdeUJcishKj3Fr9P07GIgECTrAcX2EUM+Pb/6IGU6q97rKwtrZBJOHfhF91aTltPqettnPvsLE0rRi8ADyMnLCIUcO2HrloGCjYAr03Ja/IxUWBTfAGm+c82YT1UiL0jFZ4bstqg3w8+5CitUg9jYMXufYPGOecyWOpNv2g75oVRReml5wWhCfCr9hOqO1P6o71PrZ/Rerz/Uv2/Nk8pNshZTxqvRNdgEM2dmwwU HTTP/1.1" 404 73 "-" "Mozilla/4.0 (compatible; MSIE 8.0; Win32)" "redlug.com"
78.29.246.2 - - [02/Jun/2015:20:16:36 -0700] "GET /e?g=y4+G08HHa093O45LrKrL/Llg11bYisM/Lkih6mvQwJToRLLDSO1Uz840/kO3dAvVK8I74gKobLxO8HprSLmvR5A1eOjt9wkycayL2zGxH86dK0FKtUG3DEI/bX8zLnsb9+cbMRFnizX9esMPUg++KzlWCXTIAG0LF5JKGropzL1ZIfqnf8JuoVwlrhBy3hoIHVCZgY8tU+jOLuFCZBPPSkwqKj/Bwsroy92J/X5ebNeUbP3nYxoJkvUbQJxVgob7tCvgEZxBbgSaTWdqMMfbBILJL8rmLAldnxuSc+bt844PMSKo4fpJUOvk5xBUKZX43IxOUlXBR9MXP0/Vw7cMlVl4RLDtYjZ3Xfgd1A7rC+iT5MlsFC4iPZzx4msvS++5v0DvmQl99nmabk1YVVKnY18PDRteenULa85rWEpdqu+i80z+bCvRgiOhW5XVIP456JC3n9iHGaX4GbR0V5ovFkO5yTjADY6PlZ02nKgkdtrIVXn0UleRjF9+UIb00QDO/cnzJuGuk/E+xBnwIiyokJSCD6xQMFZBM16F75YFUl5NeJqtUmMObpuSJr+I63qEZwAVZU9pZtXYNSgnHS7Bcs9OGNZ8XEgmBdfsAQne9ABvry1hT89qygB6XGHscgpkyznnLVCv2x7WO2yAhbhqtaaJtPPLlZEocJSQiLmX0bCR2FqByAm9JQnpkL7Jf269PXPAcgTRCAUNO3jPMgs2rFSGErcdfkjjHB+lDVu/IuKJvWYj09gRYRt5EQNYTvI2VRhrvYIR64KU2eVK32OtVWBEq8tpJLwNtyvoGYOzh4GjtNspa0dudgDuuzmTHzMx9yWRGMvHt3hszA/EAC3iR HTTP/1.1" 404 73 "-" "Mozilla/4.0 (compatible; MSIE 8.0; Win32)" "redlug.com"
78.29.246.2 - - [02/Jun/2015:20:16:38 -0700] "GET /b?e=f6lefKzNsrlT6YInWDpxwr6/m96IliNaTZiulUPrE0OliMRwkyI3DzZ7txRAd31KAUTjQEdoF601B3weiG+rlj0lKvDhcicXpSiNpI+yeP28zykpY8xuIV9iyBLTI8eYVSqFyphyqB0PrjlmmTfQ3r+k1J38fFqw+v7RXyU69+Wxuawt5D1qtjhD11bq2NjAmAk+9kkMR+gRE53L/1+TkRX5qCNlx6kLs7Vrqpzl3wid5Y+Vhzv3+vlcfHes6u1r5rTkDShk3EUp//2FKs9mZCjtyxoUfjSFbN+v5VJTJkN3MChDuyzGlw1Jf6QXeG2FtIVaQEcgZYsrbgFZGFA6G+2Ny4xKC9jw6i6RACHpuF5P2pBNYk6oArhUGu4tSMM5U2m6Cy2rsk6sN5XpPxhnJbTqG0ddC4nPP+QxtUF5W8fDkAfLukNRyjMp8E5v1WOLvnNsVUNSh1NkX3d74fVpuTmlmbo9raoWWBgmWaBT3lgw593Y5tWDntGvTM67I+dBL8sCXbpqbH+xtFTF3byUZbLekZrlKEqe9NTCGJiSbvDLHyPt4F06BY6hhScf7kC5q5Sm+cgKze6fi7GBCtkE9iikZ2KyoFSJ6EhX53mEygRfNUGUUwADCBCqWl15wK3DiqVxTznXL6+UMHOWCNWD2xvX/cPEarmn4yfnevpbahemKlECc2OkLy5mWuk6JP3sjw/r34ebFJZ2hFQFQ5rmf5biFUCtkjs7adZmAFyNz6GoDZY7/jOV5nL8GHpMmaFZ6K29jFPIt6WiZN7gXejd9lwTA6fwt5ZYp1HD89Z4/6ychfsRj8/VUSsCEYpdW7H+eepXumO HTTP/1.1" 404 73 "-" "Mozilla/4.0 (compatible; MSIE 8.0; Win32)" "redlug.com"
78.29.246.2 - - [02/Jun/2015:20:16:40 -0700] "GET /B?T=iVyV3/Lueidq/8Z1ku+wxjTfkwN2XXitug/GWLzKFS+7XZQcRvLQ40mD6h3cc7imr0PAVo9fTj+VyIvEZs1G1kDrB2b3U2ZUtdj2g2ZSJ2cwy6ZihJ1NN9Jg3Wf019ekkaIIU4nz1VOqCiS0olwQnaEyh2IeyP0nf//MJn+9QQvlu00oXcXVCHergJr4x5VAUoP/7WNt6fimMGHw5YKWrqKCkiYQoss5G2/BXt39shEtnhRMnwhaDbKICOYs2adIMJpxagdg1GIvqr845WjTPsjPy8EVvXj678Pq+zGJ3d9WP4eI8OOt7kSZ05y5Ve16r7QpXviK7nTJ7ehFt/0nzeGtqkbQheqYOdIY5ACgN3vPlv4mEW0UDYZID+dcXGD27Ih9dbFTkR7NXVwcWWKMOv01UzDcJj4OyFvKjihMQYbrxfBVaUtpPp19kyrewnrgA6uQ7Cw9XHLdTut/r1PESVRtfbrDFxViGA8eQn731blvElTuaurptu1aYZXFMZrRhw7xxfncM1fCfSoj7g9lTXt0iaouAckFTCmqBk3XBGWTowoL7oBEyNaGuiwSj56eCC1tW42wz5xhSol9AWEx4ooxxSX9kYYdCyyIvtSxncc0bbPeo5fwxd27Qy4hXrAQwFq+DkD/A9sT4YVx7rTV8KAeyu48MMNFoyfivrd06hZJ165zrWfFanldtoWn8budS2PSFOM5TfnUBU9wZJbRHXG+eM52lQzqMazIpn59VzBtCl2Mv8gU11jchIbwNGXpWUBp/ZvxD9U3ZyWI8tgIq88IBjjfF6b3FEAIGWPUNjtCrX2/inHSOStLBrkOpVLsC85 HTTP/1.1" 404 73 "-" "Mozilla/4.0 (compatible; MSIE 8.0; Win32)" "redlug.com"
78.29.246.2 - - [02/Jun/2015:20:16:42 -0700] "GET /r?y=3WaCBs+e3WRpG7uci0yjMCv8FrYG0BNi0WrxpbSefuymUq+nR3RcbuOeafA4hEP2wzLLmcAfyqkUG/dfcYg1PlKLfoxraCp4/CGRoQhZ+TQZUERFiydpnpfYm0btqcIGKOcAQ/O4IshwGZ/bGJmsCloiq8Nd7Rrp0TsZXp8PPxj1Ps2zb0hRsnMPioJAPWit6vdam14fKDnaI71l1s84OpzDxOMrAoI2WrVC9s/3D5POZiY6rEgFvkTWgbm7G3bB2rS6uyQvm4ilCn21J9Y1+g/UnLXBuzB1b/RqceWTyJPsvVQNgfixLaZ7a4LapPZNRQYizWp3l2YzG7I+HP/dHdy7LTrZY+BNLoM3z0iqcLcbkw8zPwEtetZ/WiYX+zGTeX0OSmiAQ1cAvobxhRAsTn9TqED/LavihbJHfbLLDi2tX/A5zAZYgZUxpZr5KAN7mq6lh359N6xqGSbpPADLEifvY4saU4BM1DKycdDIsiCLj6cxMQ/RO73y97VCaPRjCFvRNFiLp8ep0ntManJ/mVy4shRBahy0JVu0qobW4B4tUZdV08f0OwhRcw5Zy+s8hIx7Tf/ELOjnB0mys5OT9lXZPOBu3p7KqXYgMnoCxKBMK/L4ljcJWbJYA8NvyBd45/o5gcQu66UKlMWiJsYOYfGvi3xSYVfJpQmXpmRlrmB/mfsvxejdREKQbPTSjoSVpO0fnoDtYkBm+Cx9NmH8vWQZu4xUsihcK7AaLwpTaCP8IBoSMoPgOnf3NnrJiGOTM03uKW5EjcEGh0I4aYOjGIgUlm/uqczW3+Hy4WOPhyL7RyhCc1Ysj87FQib+UohTV7wdcOQg+ HTTP/1.1" 404 73 "-" "Mozilla/4.0 (compatible; MSIE 8.0; Win32)" "redlug.com"
